 67
Let y = 317 - 224. List the prime factors of y.
3, 31
Let d(y) = 2*y - 1. Let f be d(3). Suppose -2*w - 2*j + 7 + f = 0, -w = 4*j - 18. What are the prime factors of w/(-10) - (-166)/5?
3, 11
Let z be -5*(1 + 39/(-5)). Let j be (4 - 2)*-10*6/(-8). Let g = z - j. List the prime factors of g.
19
Let y = -297 + 857. List the prime factors of y.
2, 5, 7
Let r(c) = 7*c - 4. Let z be r(1). Suppose b = 1 - 0, -z*o - 5*b = -23. List the prime factors of o.
2, 3
Let b be 2 + 4 - (-6)/(-3). Suppose -b*f = p, f + 2*f = -3. Suppose -124 = -p*c - 0*c. What are the prime factors of c?
31
Let l = 21 - 32. Let w = l - -13. List the prime factors of w + -1 + 2 + 0.
3
Suppose a + 6*z = 3*z + 143, 0 = -5*z - 15. Suppose l = 3*k + 101, l - k + 47 = a. List the prime factors of l.
107
Suppose -5*r + 4*j + 2551 = 0, -2*r + 0*j = 3*j - 1002. List the prime factors of r.
3, 13
Suppose -2*l + r + 2 = -0*r, 10 = 5*l - 5*r. Suppose l = -2*q - 3*q + 850. List the prime factors of q.
2, 5, 17
Let c be (-236)/(-7) - (-4)/14. Let w = c + -1. What are the prime factors of w?
3, 11
Let r(d) = -5*d**3 + 2*d**2 - 1. Let x(c) = c**3 + 7*c**2 - 6*c + 3. Let s be x(-8). Let a = 12 + s. What are the prime factors of r(a)?
2, 3
Suppose 0 = -3*m - 0*m + 15. Suppose 2*l - 4*n + n = 79, 0 = -m*l - 3*n + 145. Suppose -2*c + l = -0*x - 2*x, 5*c + 5*x - 120 = 0. List the prime factors of c.
2, 5
What are the prime factors of (269610/35)/6 - (-1)/7?
2, 3, 107
Let y(l) = -l**3 + 5*l**2 + 3*l + 11. What are the prime factors of y(-6)?
389
Suppose q - 3*v - 666 = 0, 3*q + 4*v - 1729 = 269. List the prime factors of q.
2, 3, 37
List the prime factors of ((-7)/5 - -1)/((-321)/2821590).
2, 3, 293
Let p be (-758)/(-6) - 1/3. Let d = p - 81. List the prime factors of d.
3, 5
Suppose 2*x + 2*b + 1 = b, 0 = -5*x - 3*b - 5. Suppose -4*r = -5*m + 514, x*m + 3*r + 9 - 210 = 0. What are the prime factors of m?
2, 3, 17
Suppose 3*k - 4*k = 0. Suppose -5*h - 2*g = -351, 2*h - 3*g = -k*h + 129. What are the prime factors of h?
3, 23
Let g(n) = n + 2. Let o be g(5). Suppose 0 = 3*t - o*t + 8. Suppose 2*i - h = t*h + 30, 3*i + 5*h - 64 = 0. What are the prime factors of i?
2, 3
Let u(d) = -133*d - 27. What are the prime factors of u(-3)?
2, 3, 31
Suppose 10*p = 11*p + 38. Let v be 2/6 + p/6. Let d = v + 16. List the prime factors of d.
2, 5
Let g(d) = -4*d - 5. Let r be g(-4). Suppose 8*f - 9 = r*f. What are the prime factors of (1 + f)*112/(-32)?
7
Suppose 19*l + 7195 = 29862. What are the prime factors of l?
1193
Let m(t) = 3*t**2 - 38*t + 120. List the prime factors of m(28).
2, 11
Suppose 3*w + s - 424 = 5*s, 2*s = 4*w - 562. Let g = w + -61. List the prime factors of g.
79
Let m(y) = 19*y**2 + 24*y - 57. List the prime factors of m(-13).
2, 7, 29
Let m be (4 + -6)/(-1) - 5. Let x(a) = 22*a**2 - 6*a - 16. List the prime factors of x(m).
2, 5
Let r be 0 + -1 + 0 - -37. Suppose -3*y - r = -l, 25 + 117 = 5*l + 4*y. What are the prime factors of l?
2, 3, 5
Let u(s) = 6*s**2 + 7*s - 1. Let d be u(-5). Suppose -2*x - 14 = -d. What are the prime factors of x?
2, 5
Let n(t) = -18*t - 20. Let y(o) = -72*o - 80. Let z(q) = -22*n(q) + 6*y(q). What are the prime factors of z(-5)?
2, 5, 7
Let y(c) be the second derivative of c**5/20 - c**4/12 - c**3/3 + 5*c**2 - 15*c. List the prime factors of y(5).
2, 5
Let y(h) = 2*h**2 - 44*h + 7. List the prime factors of y(31).
5, 113
Suppose -523 = -v + 89. List the prime factors of v.
2, 3, 17
Let p = -15 + 15. Let y(n) = -n**3 - n**2 - 4. Let o be y(p). What are the prime factors of (o/(-6))/(4/150)?
5
Suppose -b = 3*b + 20, -3*j + 4 = 4*b. Suppose -j*h + 448 = -320. What are the prime factors of h?
2, 3
Let w(z) = z**2 - 14*z - 15. Let h be w(18). Let v = -26 + h. What are the prime factors of v?
31
Suppose -9*g - 34 = -7. Let t(d) = -d**3 - 2*d - 3. What are the prime factors of t(g)?
2, 3, 5
Suppose -s + 2*s - 3 = 0. Suppose 0 = -2*a - s*a + 85. Suppose -f + 2 + a = 0. List the prime factors of f.
19
Let z = 35 + -35. Suppose 4*s - 62 - 78 = z. List the prime factors of s.
5, 7
Let u(a) = 19*a**2 - a - 2. Let z = 3 - -2. Suppose 4 - 14 = -z*t. What are the prime factors of u(t)?
2, 3
Let y be (81/(-6) - 1)*4. Let l = -26 - y. List the prime factors of l.
2
Suppose 4*a - 4*k = 19360, 4*a + 4*k - 14573 = 4747. List the prime factors of a.
5, 967
Suppose -32240 = -6*r - 10*r. List the prime factors of r.
5, 13, 31
Suppose 5*i - 19 = p, -6*i + 17 = -2*i + p. Let n(x) = -i*x + x**3 - 7*x**2 + x - 1 - 3*x**3 + 3*x**2. List the prime factors of n(-2).
5
Suppose 0 = -4*k + 20 + 12. Suppose -4*f + k = -8. Suppose -f*u + 105 = 5*x - 166, 2*u = -2. What are the prime factors of x?
5, 11
Let b(h) = -4*h + 19. What are the prime factors of b(-23)?
3, 37
Let b = -12 + 11. Let d = b + 7. Suppose 3*c = -2*r - 0*r + 10, d = -c - 3*r. What are the prime factors of c?
2, 3
Let h = 29 - 37. Let g be 2*(h + 4 + -43). Let k = g - -148. List the prime factors of k.
2, 3
Let l(v) = 3*v**3 + 2*v**2 + 14*v - 37. List the prime factors of l(5).
2, 229
Let f(n) = -n**3 + 6*n**2 - 7*n + 11. Let i be f(5). List the prime factors of 16/(-8) + 79/i + 1.
2, 3, 13
Let s be -4 + 12 - 4 - -1. Suppose 3*h - v = 73, -3*v + 6*v = s*h - 119. What are the prime factors of h?
5
Let n(r) = r**2 - 6*r - 11. Let p be n(12). Let i = 100 - p. What are the prime factors of i?
3, 13
Let y(j) = 14*j + 2. Suppose -19 + 3 = 4*b. Let z be y(b). Let c = 89 + z. What are the prime factors of c?
5, 7
Let r(s) be the first derivative of s**3/3 - 3*s**2 + 7*s + 6. Let m be r(5). Suppose -4*d + 5*h = -83, 0*d - 49 = -m*d + 5*h. What are the prime factors of d?
17
Suppose -319 + 51 = -2*g - x, 280 = 2*g - 5*x. Let n = g - 4. What are the prime factors of n?
131
Suppose 4*m = -5*x + m + 28, 3*x = -m + 16. Let n(u) = 15*u + 8. List the prime factors of n(x).
83
Let o(x) = -3*x + 20. Let z be o(6). Suppose 0 = 5*b + v - 109, -4 + 2 = z*v. What are the prime factors of b?
2, 11
Let b(d) = -d**3 + 8*d**2 - 4*d + 11. Suppose o = 3*a + 4*o - 30, -o + 4 = 0. What are the prime factors of b(a)?
59
Suppose -28*d = -24*d - 36. Suppose 245 = -2*s + d*s. List the prime factors of s.
5, 7
Suppose -5*o + 0*m + 40 = m, -5*o + 70 = -5*m. What are the prime factors of -108*((-14)/21)/(6/o)?
2, 3
Suppose -11 + 35 = 4*r. Suppose 396 + 564 = r*o. What are the prime factors of o?
2, 5
Suppose 4*v + 3*g - 512 = 1615, -5 = -g. What are the prime factors of v?
2, 3, 11
Suppose -2 = -2*h - 2*v, v + 4 = -0. Suppose a = -5*l + 2, 0*l = h*l + 5. What are the prime factors of (a + -28)*(-2)/6?
7
Let x = 14 + -14. Suppose 4*b - 4*i + 1 = -3*i, x = b + 3*i - 3. Suppose b = 2*s + 8, 0*s - 38 = -3*y - 4*s. What are the prime factors of y?
2, 3
Let p(l) be the second derivative of -5*l + 0 - 5/2*l**2 - 4/3*l**3. List the prime factors of p(-4).
3
What are the prime factors of (-880)/(-24)*(11 - (-1)/1)?
2, 5, 11
Let o(h) be the second derivative of 31*h**3/6 + 11*h**2/2 + 37*h. List the prime factors of o(6).
197
Suppose 3*x + 74 = a, -2*x - a + 16 - 72 = 0. Let b(q) = -18*q - 59. Let d be b(-3). Let c = d - x. List the prime factors of c.
3, 7
Suppose -1 = -k - 0. Let j(u) = 13*u + 3. List the prime factors of j(k).
2
Suppose 2*x - 270 = 1140. What are the prime factors of x?
3, 5, 47
Let n(f) = -f**3 + 14*f**2 - 15*f + 10. List the prime factors of n(6).
2, 13
What are the prime factors of 12/(-60) - (-8422)/10?
2, 421
Suppose 0*u - 5840 = -5*u - 5*p, 5*u = p + 5864. List the prime factors of u.
2, 293
Suppose -13*f = -9*f + 376. Let r = -25 - f. What are the prime factors of r?
3, 23
Let j = -452 - -860. List the prime factors of j.
2, 3, 17
Let u = 67 + -104. Let l = 61 + u. List the prime factors of l.
2, 3
Let t(w) = -w**2 - 1. Let o be t(-1). What are the prime factors of o - -2 - (-93 + -9)?
2, 3, 17
Suppose 2*h + 48 = -2*h. Let k be 0/(h/4 + 1). What are the prime factors of 10 - k - (-3 - -1)?
2, 3
Let t be ((-9)/24)/(-1) - (-3546)/144. Let o(b) = b + 1. Let c be o(3). Suppose -7*w = -6*w + c, h - t = 2*w. List the prime factors of h.
17
Suppose 4*p - t - 67 = -594, -2*t = 10. Let k = 226 + p. List the prime factors of k.
3, 31
Suppose -2*z - 22 = 4*a - 4*z, 2*z + 6 = 0. Let h = a - -4. What are the prime factors of (-89)/h + (-10)/15?
29
Let q be